se 5) to base 11.
-83
Convert 2 (base 10) to base 4.
2
What is -95 (base 14) in base 9?
-155
Convert 10 (base 16) to base 2.
10000
Convert -124 (base 5) to base 8.
-47
What is 331 (base 4) in base 13?
49
What is -212 (base 3) in base 16?
-17
-1 (base 16) to base 3
-1
-3 (base 4) to base 13
-3
What is 7 (base 9) in base 12?
7
5 (base 12) to base 2
101
Convert -2 (base 9) to base 6.
-2
-1a (base 13) to base 14
-19
Convert -123 (base 14) to base 16.
-e3
What is -13 (base 4) in base 16?
-7
1 (base 16) to base 6
1
2 (base 6) to base 16
2
Convert -30 (base 10) to base 14.
-22
-1133 (base 4) to base 8
-137
Convert -b3 (base 12) to base 14.
-99
Convert -4 (base 6) to base 4.
-10
2 (base 13) to base 2
10
222 (base 4) to base 13
33
-18 (base 16) to base 4
-120
What is -1 (base 3) in base 10?
-1
Convert 4 (base 11) to base 2.
100
What is 1b (base 12) in base 7?
32
33 (base 5) to base 9
20
What is 24 (base 6) in base 15?
11
Convert 3 (base 11) to base 15.
3
6 (base 13) to base 5
11
-163 (base 8) to base 13
-8b
Convert -3202 (base 4) to base 9.
-271
Convert 1 (base 15) to base 6.
1
Convert 6 (base 11) to base 15.
6
Convert 151 (base 11) to base 4.
2301
82 (base 10) to base 11
75
Convert a (base 14) to base 11.
a
What is -8 (base 10) in base 5?
-13
-18 (base 11) to base 10
-19
Convert -2210 (base 4) to base 2.
-10100100
Convert -b (base 14) to base 3.
-102
What is -7 (base 16) in base 10?
-7
-3 (base 16) to base 9
-3
Convert -3 (base 13) to base 7.
-3
Convert 110 (base 2) to base 5.
11
-37 (base 10) to base 8
-45
What is 1 (base 2) in base 7?
1
What is 100010 (base 2) in base 6?
54
-4 (base 13) to base 4
-10
2010 (base 4) to base 9
156
Convert 31 (base 15) to base 11.
42
Convert -7 (base 11) to base 14.
-7
Convert 5 (base 16) to base 7.
5
64 (base 10) to base 4
1000
Convert 106 (base 10) to base 5.
411
Convert -6b (base 13) to base 9.
-108
0 (base 5) to base 9
0
-2 (base 10) to base 14
-2
Convert -c (base 15) to base 7.
-15
2 (base 7) to base 11
2
What is -32 (base 10) in base 12?
-28
2 (base 12) to base 11
2
1101 (base 4) to base 12
69
-321 (base 7) to base 16
-a2
62 (base 7) to base 13
35
1 (base 10) to base 15
1
What is -2 (base 10) in base 3?
-2
What is 1000 (base 2) in base 8?
10
Convert -1 (base 5) to base 15.
-1
14 (base 9) to base 16
d
2 (base 11) to base 6
2
-87 (base 16) to base 10
-135
What is -2 (base 9) in base 16?
-2
What is 4a (base 16) in base 5?
244
-88 (base 16) to base 12
-b4
-1 (base 11) to base 9
-1
What is -21 (base 16) in base 15?
-23
What is 130 (base 6) in base 7?
105
Convert -3 (base 16) to base 9.
-3
What is -2 (base 16) in base 15?
-2
Convert -2 (base 11) to base 8.
-2
Convert 1b (base 14) to base 13.
1c
What is 15 (base 12) in base 15?
12
1010 (base 2) to base 8
12
Convert -4 (base 16) to base 6.
-4
What is 1 (base 9) in base 4?
1
-39 (base 16) to base 11
-52
What is d6 (base 16) in base 9?
257
What is 5b (base 12) in base 4?
1013
What is -152 (base 15) in base 16?
-12e
What is -101 (base 2) in base 9?
-5
What is -cf (base 16) in base 14?
-10b
-10 (base 11) to base 7
-14
What is -3 (base 9) in base 13?
-3
Convert 44 (base 12) to base 8.
64
Convert 22 (base 3) to base 10.
8
Convert -11 (base 6) to base 9.
-7
2202 (base 3) to base 6
202
Convert -3 (base 9) to base 8.
-3
-1113 (base 5) to base 2
-10011110
What is -5 (base 11) in base 9?
-5
What is 2 (base 6) in base 15?
2
What is -11 (base 7) in base 11?
-8
-665 (base 7) to base 13
-203
What is -1 (base 15) in base 16?
-1
-2 (base 14) to base 15
-2
Convert -11 (base 5) to base 15.
-6
-29 (base 12) to base 2
-100001
What is -75 (base 15) in base 4?
-1232
What is 36 (base 13) in base 5?
140
Convert -9 (base 13) to base 5.
-14
What is 123 (base 7) in base 12?
56
What is 92 (base 16) in base 3?
12102
What is 6 (base 7) in base 3?
20
Convert 25 (base 13) to base 2.
11111
Convert 4 (base 5) to base 4.
10
-11110101 (base 2) to base 3
-100002
2 (base 8) to base 15
2
What is -19 (base 10) in base 14?
-15
153 (base 7) to base 8
127
What is -1d (base 14) in base 7?
-36
Convert 2034 (base 5) to base 14.
153
210 (base 3) to base 5
41
What is -13 (base 12) in base 10?
-15
-25 (base 7) to base 6
-31
Convert 0 (base 6) to base 9.
0
-26 (base 8) to base 12
-1a
Convert 0 (base 9) to base 4.
0
30 (base 8) to base 5
44
-125 (base 11) to base 2
-10010100
What is 2 (base 11) in base 4?
2
What is 3 (base 12) in base 2?
11
Convert 0 (base 2) to base 12.
0
What is 1001 (base 3) in base 12?
24
-66 (base 16) to base 5
-402
What is -32 (base 14) in base 6?
-112
2 (base 12) to base 11
2
-107 (base 9) to base 6
-224
-a (base 11) to base 12
-a
What is -1010011 (base 2) in base 3?
-10002
What is 9 (base 12) in base 3?
100
What is -4 (base 12) in base 7?
-4
3 (base 6) to base 9
3
3133 (base 4) to base 5
1343
What is -4 (base 15) in base 9?
-4
What is 4 (base 9) in base 4?
10
Convert 111 (base 4) to base 11.
1a
0 (base 8) to base 2
0
Convert 5 (base 8) to base 16.
5
Convert -3 (base 10) to base 7.
-3
0 (base 10) to base 13
0
Convert -6 (base 7) to base 11.
-6
Convert -43 (base 5) to base 8.
-27
3 (base 15) to base 4
3
101 (base 4) to base 13
14
What is 110 (base 2) in base 5?
11
What is -22 (base 9) in base 3?
-202
3 (base 14) to base 16
3
2 (base 7) to base 6
2
Convert 7 (base 11) to base 2.
111
What is -98 (base 10) in base 11?
-8a
What is 5e (base 16) in base 13?
73
-3 (base 5) to base 7
-3
25 (base 11) to base 13
21
What is -1 (base 3) in base 6?
-1
-28 (base 12) to base 8
-40
What is -3 (base 5) in base 11?
-3
24 (base 15) to base 7
46
What is -20 (base 12) in base 11?
-22
Convert 12 (base 16) to base 8.
22
Convert -1 (base 13) to base 2.
-1
Convert 1 (base 12) to base 9.
1
b6 (base 14) to base 15
aa
-1000 (base 2) to base 13
-8
110000 (base 2) to base 15
33
-53 (base 7) to base 12
-32
33 (base 5) to base 15
13
Convert 1 (base 10) to base 6.
1
-2 (base 6) to base 3
-2
0 (base 11) to base 4
0
What is -40 (base 5) in base 9?
-22
35 (base 12) to base 16
29
Convert -63 (base 12) to base 11.
-69
What is 225 (base 7) in base 9?
140
Convert -20 (base 5) to base 9.
-11
-15 (base 12) to base 8
-21
Convert 3 (base 15) to base 16.
3
What is 3 (base 16) in base 11?
3
16 (base 15) to base 9
23
Convert -3 (base 12) to base 7.
-3
What is 7 (base 14) in base 10?
7
What is -261 (base 9) in base 6?
-1001
What is 4 (base 5) in base 14?
4
Convert -6 (base 11) to base 15.
-6
-82 (base 14) to base 3
-11020
What is -1 (base 3) in base 9?
-1
What is 0 (base 13) in base 15?
0
What is -3 (base 4) in base 8?
-3
Convert -115 (base 10) to base 5.
-430
Convert 32 (base 6) to base 13.
17
Convert 0 (base 16) to base 6.
0
What is -1 (base 8) in base 7?
-1
Convert 13 (base 14) to base 6.
25
What is 6b (base 15) in base 10?
101
Convert 45 (base 8) to base 14.
29
21 (base 4) to base 14
9
Convert 9a (base 14) to base 16.
88
-102 (base 5) to base 4
-123
Convert -22100 (base 3) to base 11.
-195
-2 (base 7) to base 5
-2
2230 (base 4) to base 2
10101100
Convert 25 (base 6) to base 12.
15
Convert 3311 (base 4) to base 5.
1440
What is 141 (base 14) in base 12?
191
-24 (base 9) to base 3
-211
0 (base 16) to base 6
0
What is -7 (base 8) in base 4?
-13
What is -18 (base 11) in base 14?
-15
1c (base 13) to base 2
11001
-36 (base 7) to base 5
-102
-10 (base 3) to base 11
-3
What is 210 (base 3) in base 9?
23
What is 25 (base 13) in base 12?
27
Convert -7 (base 15) to base 9.
-7
-5 (base 10) to base 15
-5
103 (base 9) to base 15
59
What is 200 (base 3) in base 8?
22
Convert 1 (base 9) to base 10.
1
Convert 2a (base 16) to base 4.
222
What is 34 (base 14) in base 12?
3a
-10 (base 11) to base 13
-b
-20211 (base 3) to base 16
-b8
44 (base 5) to base 7
33
What is 9 (base 15) in base 3?
100
32 (base 5) to base 13
14
Convert -1 (base 4) to base 9.
-1
-6 (base 11) to base 2
-110
2 (base 14) to base 4
2
Convert 260 (base 8) to base 15.
bb
Convert -111101 (base 2) to base 9.
-67
What is 5 (base 16) in base 9?
5
-e0 (base 15) to base 12
-156
16 (base 7) to base 13
10
Convert -36 (base 9) to base 11.
-30
2 (base 3) to base 15
2
-d (base 16) to base 3
-111
What is 0 (base 8) in base 11?
0
3 (base 7) to base 10
3
Convert 258 (base 9) to base 6.
555
What is -4 (base 11) in base 13?
-4
41 (base 8) to base 5
113
What is 4 (base 10) in base 14?
4
Convert 1d (base 15) to